 - 3 - x**g + 0*x. Suppose -5*v + 21 + 4 = 0. Give h(v).
-2
Let x(m) = -2*m**2 - 1. Let v be x(-1). Let i be -1*(v + 4)/(-1). Let g(p) = -14*p**2. Calculate g(i).
-14
Let g(x) be the first derivative of -x**4/4 + 2*x**3/3 - 3*x**2/2 - 2*x - 37. Determine g(3).
-20
Let x(z) = -2*z. Suppose 2*r - j = -4*j - 14, -3*r + 3*j + 9 = 0. Let g be x(r). Let i(m) be the first derivative of -m**2/2 + 4*m + 1. Determine i(g).
2
Let s(c) = -c**3 - 4*c**2 + 4*c. Let n be 1 - (1 - 0 - 2). Let m be -1*(7 + (n - 4)). Let d be s(m). Let g(f) = -f**3 + 6*f**2 - 5*f + 3. Give g(d).
3
Let t(l) = -3 - 4*l**2 - 7*l + 7*l + 2. Calculate t(-1).
-5
Let h(t) = -5*t - 5. Let i(r) = -4*r - 4. Suppose 13*p = 8*p + 25. Let y(g) = p*h(g) - 6*i(g). Let d(l) = -l**3 + 3*l**2 + 4*l - 6. Let f be d(4). What is y(f)?
5
Let c(m) = 2*m + 1. Let g(k) = 8*k + 5. Let d(h) = 18*c(h) - 4*g(h). Calculate d(4).
14
Let o(c) = -3 - 175*c + 3 - c**2 + 176*c. Give o(-2).
-6
Let v(u) = -u + 1. Suppose 0*q - 5*q = 0. Calculate v(q).
1
Let z(k) = k**2 - k - 2. Let p(a) = 0*a + a**2 + 2*a**2 + 2 + 0*a - a**3. Let w be p(3). What is z(w)?
0
Let v(n) = -n**3 + n**2 + 2*n + 2. Let m be (-2)/(-1)*(-14)/(-4). Suppose 4*k = -1 - m. Calculate v(k).
10
Let s(l) = 2*l**3 + 4*l**2 + 4*l + 2. Let j(q) = -2*q + 14. Let a(v) = -v + 1. Let t(z) = 3*a(z) - j(z). Let o be t(-9). Calculate s(o).
-6
Suppose 5*s + 2 = -18. Let w(o) = -13*o**2 - 4*o + 2 + 9*o + 8*o**2 + 6*o**2. What is w(s)?
-2
Let z(m) be the first derivative of -m**4/4 + m**3 + 7*m**2/2 - 6*m - 1. Give z(4).
6
Suppose 3*k + 11 = 14. Let t(a) = -11*a + 1. Calculate t(k).
-10
Let b be (-57)/(-12) + (-1)/(-4). Let n(i) = b + 5 + i - 9. Give n(1).
2
Let k be 0 + 2 - (-124)/2. Let y(d) = -k*d**2 - d - 6*d + 63*d**2 - 4. Calculate y(-5).
6
Let m(h) = h + 3. Suppose -g = -3*d + g - 11, 4*d + 2*g + 38 = 0. What is m(d)?
-4
Let v = 16 - 10. Let j = v + -5. Let l(h) = -6*h**3 + h - 1. Calculate l(j).
-6
Suppose -5*z + 2*f + 81 = -0*f, -z - 5*f = 0. Let v = -20 + z. Let w(y) = -y**2 - 6*y - 6. What is w(v)?
-1
Let f = -1 + 2. Let l(v) = 1 - 3 + f - 6*v**3. Give l(-1).
5
Let z(n) be the first derivative of -n**2/2 + 2*n + 6. Give z(-2).
4
Let u(s) = 14*s**3 + s - 15*s**2 - s**3 + 13*s**2. Determine u(1).
12
Let w(p) be the third derivative of 0 + 0*p + 1/24*p**4 + 0*p**3 - 1/20*p**5 + 1/720*p**6 + p**2. Let j(t) be the second derivative of w(t). What is j(5)?
-1
Let m(z) = 2*z - 5. Let y = -39 - -43. Give m(y).
3
Let k be -2*(1*-2)/4. Let i(a) = 11*a - 4*a - 2*a. Determine i(k).
5
Let g(a) = 7*a - 1. Suppose -6*i + 5 = -1. Give g(i).
6
Let c = 14 - 12. Let h(g) = -1 - g**2 + 0*g**3 - g**3 + 2 + 5*g - c*g. Calculate h(-2).
-1
Let i(u) = -u**2 + 0*u - 2 + 1 - 5*u. Let d be -1 + -3 + 2 - 3. Determine i(d).
-1
Let x(n) = n**3 - 4*n**2 - 5*n + 3. Let k = 12 + -7. Let a be x(k). Let b(i) = -1 - 2*i + a*i - i**2 + 4 - 3*i. Determine b(-4).
-5
Let z(s) = 11*s**2 - 10*s + 5. Let u(r) = -4*r**2 + 3*r - 2. Let n = -8 - -5. Let d(q) = n*z(q) - 8*u(q). Let c be 1*-10*(-5)/10. Determine d(c).
6
Let l = -291 + 290. Let q(z) = 2*z**2 - z**3 + 1 - 6*z**3 - 4*z**2. Give q(l).
6
Let t(d) be the third derivative of 0 + 2*d**2 + 1/360*d**6 + 0*d**5 - 1/6*d**3 + 0*d + 7/24*d**4. Let a(g) be the first derivative of t(g). Determine a(0).
7
Let b(i) = -i**2 + i + 11. Let d be 6/18 + (-2)/6. Calculate b(d).
11
Let g(k) = -8*k + 5. Let h be g(1). Let a(l) = 4 - 8 + 2*l + 3. Determine a(h).
-7
Let o(w) = -2*w**3 - 7*w**2 + 4*w + 6. Let p(m) = m**2 - 1. Let x(c) = -o(c) - 5*p(c). What is x(-3)?
-25
Let s(i) = -i**3 + 3*i**2 + 4*i - 1. Let f be 3 + -1*(-1 + 0). Suppose -m = -f*q + 3*m + 16, 0 = -3*q + 2*m + 12. What is s(q)?
-1
Suppose 0 = -3*t - 0*t + 57. Suppose 4*y - 10 = -y, t = 3*u - y. Let m = -8 + u. Let z(w) = 2*w - 1. What is z(m)?
-3
Let h be -1 - -3 - (-1 - -1). Suppose -3*k = h*k. Let t(u) = -u**2 - 6. Determine t(k).
-6
Let i(f) = f**2 - 2*f - 6. Let g(p) = p**2 - 6*p + 22. Let o(n) = n + 1. Let d(m) = g(m) - 6*o(m). Let a be d(11). Calculate i(a).
9
Let j(y) = y - 1. Let p be j(4). Suppose -4 = -5*v + 4*o - 16, p*v - 5*o = -15. Let i(n) = 0*n**2 + 3 - n**2 + 0*n**2. Determine i(v).
3
Suppose 21 + 15 = 4*u. Let t(d) = u + d + 4 - 1 + 0. Calculate t(-6).
6
Suppose 0 = -2*g + 7*g + 40. Let l(k) = -k**3 - 9*k**2 - 7*k. Calculate l(g).
-8
Let i(p) = p**3 + p + 3. Suppose -13*j = -3*j + 7*j. Give i(j).
3
Let p(m) = -6*m**2 + m - 3. Let z(r) be the third derivative of -r**5/60 - r**4/24 - r**2. Let c(j) = p(j) - 5*z(j). Determine c(2).
5
Let u(m) = -m + 6. Let h be (-5)/3*(-30)/(-20)*-2. Calculate u(h).
1
Let y(u) be the first derivative of -3/2*u**4 + 1/2*u**2 - 3 + 0*u + 0*u**3. Calculate y(1).
-5
Let i(d) be the second derivative of d**4/12 - 3*d**3/2 - 2*d**2 - d. Let x(z) be the first derivative of i(z). Calculate x(6).
3
Let s(r) be the second derivative of r**4/12 - r**3 + 3*r**2/2 + 8*r. Give s(4).
-5
Suppose -6*i = -8*i + 4. Let y(n) = n - 3*n - n. Give y(i).
-6
Let k(j) = j - 7. Suppose 4 - 34 = -5*l. Determine k(l).
-1
Let t = -6 + 11. Let x(h) = -5*h + 7 - 13 + t - h**2. What is x(-5)?
-1
Let w(j) = 5*j + 5 + j**2 - 4 - 1 + 3. What is w(-3)?
-3
Let q(a) be the second derivative of -a**4/24 + a**3 - a**2/2 + a. Let m(u) be the first derivative of q(u). Calculate m(6).
0
Let r(g) = -2*g**2 - 13*g - 13. Let y(l) = -l**2 - 6*l - 6. Let i(j) = 4*r(j) - 9*y(j). Suppose 12 = -f - 3*f. What is i(f)?
5
Let k(u) = u**2 + 3*u + 6. Let b be 40/15*9/(-6). Determine k(b).
10
Let v(i) = -2*i**2 + 7*i - 4. Let q(l) = 3*l**2 - 10*l + 6. Let f(g) = -5*q(g) - 7*v(g). Give f(2).
-4
Let p = 3 + -1. Suppose 5*z = -2*h + 26, -h - 3*z + 23 = p*z. Let t(s) = h*s - 5*s - 2 + 0*s. Give t(2).
-6
Let j(o) = -4 - 81*o**2 + 5*o + 3*o + 80*o**2. What is j(3)?
11
Let p(a) = a + 1. Let q be p(1). Let i(h) = 13*h**3 - 12*h**3 + 5*h**q - 4*h**2. Give i(-1).
0
Let l(z) = -7*z**3 + z**2. Let k = -4 + 5. Let n be (2 - 2) + k + -2. Let r be (-2)/(-2 - (1 + n)). Determine l(r).
-6
Let l(m) = -m**2 + 9*m - 11. Let b(v) = v + 22. Let d be b(-14). Determine l(d).
-3
Let x(u) = -4*u**2 + 2*u**3 - 2*u**3 + 4 + u**3 - 2*u**3. Let n be 1/(-1) - (7 + -5). Calculate x(n).
-5
Let t(k) = -2*k**3 + 6*k**2 - 2*k + 3. Let u(s) = -3*s**3 + 7*s**2 - s + 3. Let p(g) = 4*t(g) - 3*u(g). Calculate p(-4).
7
Let i be 6/12 - 18/(-4). Let s(k) = -4*k**3 - 3*k + k**2 + 0 - k + 3 + i*k**3. Calculate s(2).
7
Let s(h) = -h**2 - 4*h + 1. Let v be (1 + -3)/2 - 2. Let z = v - 5. Let b be (1 + 7)*4/z. Determine s(b).
1
Let d(b) = -b - 2. Let m = 7 + 0. Suppose 4*l - m = 5. Suppose 5*p - v + 21 = v, 21 = -4*p + l*v. Give d(p).
1
Let b be ((-26)/(-6) - 2)*3. Suppose 2 = 3*t - b. Suppose 0*h - t*h + 15 = 0. Let p(j) = j**3 - 6*j**2 + 5*j + 2. What is p(h)?
2
Let u(d) = -1. Let f(v) = -2 + 1 - 4*v + 3*v. Let p(h) = f(h) - 2*u(h). Give p(0).
1
Suppose 4*d - 1 = 3. Suppose -b - d = -3. Let x be 1 - 0/(-3 + b). Let u(v) = -3*v. Calculate u(x).
-3
Suppose -4*q = 3*s - 35, -2*q + q - 3*s + 11 = 0. Suppose -2*v + 2 = -v. Suppose -q = -v*p + 2. Let x(k) = k - 9. What is x(p)?
-4
Let a(w) = 5*w**2 + 16*w + 11. Let s(d) = -d**2 - 3*d - 2. Let u(r) = -2*a(r) - 11*s(r). Let h(n) = -n**2 - 8*n + 6. Let m(f) = h(f) + 2*u(f). Calculate m(5).
1
Let q(l) = -l**3 + 4*l**2 + 8*l - 6. Suppose 4*n = 4*p + 36, -3*n - 6*p + 3*p + 3 = 0. Suppose n = 4*v - 15. What is q(v)?
9
Let x(u) = 7*u**3 - 9*u**2 + 14*u + 8. Let a(r) = 10*r**3 - 14*r**2 + 21*r + 12. Let t(b) = 5*a(b) - 7*x(b). Let v(o) = -5*o + 1. Let h be v(-1). Give t(h).
10
Let j = 15 + -15. Let x be (1 - 0/(-1)) + j. Let a(h) = -h**3 + 1. Give a(x).
0
Let u(z) = -1 + 3*z + 0 - 3*z - 2*z**2. Determine u(-2).
-9
Let l(y) = -y + 11. Let c be l(6). Let s(o) = 0*o - c*o**2 + o + 7*o**2. What is s(-2)?
6
Let t(a) = -1 + 0 + 2*a - 7*a + 2*a. Give t(-1).
2
Let l(a) be the first derivative of -4*a + a - a**2 - 3 - 2*a + 2*a. Determine l(-4).
5
Let l(r) be the first derivative of -r**2 + 1. Let v be (-1)/(1*4/4). Determine l(v).
2
Suppose 3 = -3*k + 9. Let q = -11 + 14. Let p(y) = 15 - 2 - q - 2*y - 7. Determine p(k).
-1
Let o(f) = f**2 + 16*f + 5. Let s be o(-16). Let t(j) = 2*j - 2. Give t(s).
8
Let v(i) = i**3 - 3*i**2 + 2*i + 1. Let m be v(2). Let x(w) = 3*w**3 + w**2. Determine x(m).
4
Let p(z) = 7*z**2 + z. L